se h*x + 1 = 3*x. What are the prime factors of 0/(-6) - 11/x?
11
Let d(v) = -2*v**2 - 103*v - 50. What are the prime factors of d(-33)?
1171
Let m(n) = -4*n + 54. Let h be m(11). Let b(k) = 2*k**2 - 8*k - 20. List the prime factors of b(h).
2, 5
Let a(j) = -151*j**3 + 2*j**2 + 3*j + 1. Let m be a(-1). Suppose -3*y + 29 = -m. What are the prime factors of y?
2, 3, 5
Let f(t) be the second derivative of 11*t**4/6 - 2*t**3/3 - 5*t**2/2 - 32*t. List the prime factors of f(-2).
7, 13
Let q(b) = 49*b**2 - b + 2. Let i be q(1). Suppose -4*p + 3*k = 352, p + 151 - i = 4*k. Let f = -60 - p. List the prime factors of f.
5
Let h be 1/2 - (-3)/(-6). Suppose -q - 3*q - 16 = h. List the prime factors of 42/q*12/(-18).
7
Let r be (3/(-3) - -6) + -3. Suppose -3*v + r*v = -4, -760 = -4*d - 5*v. List the prime factors of d.
5, 37
Let j = 341 + 1753. What are the prime factors of j?
2, 3, 349
Suppose 0 = -15*h + 9*h + 108. Suppose -2*x - 3*b = -x - h, -4*b - 90 = -5*x. What are the prime factors of x?
2, 3
Suppose 4*b = -103 - 77. Let r = b + 57. What are the prime factors of r?
2, 3
Let m be (-554)/10 + 3 + 2/5. Let d = 30 - m. List the prime factors of d.
2, 41
Suppose -i - i = 6. Suppose d - 4 = -2. What are the prime factors of d - (-4 + -11) - i?
2, 5
Suppose -2571 - 1689 = -6*z. List the prime factors of z.
2, 5, 71
Let h(q) = -5*q - 17. Let l be h(-10). Suppose -4*t = t + 5. Let g = l + t. List the prime factors of g.
2
Let f(m) = -m**2 + m + 1. Let r(l) = l**3 - 2*l**2 - 3*l - 5. Let x(z) = -4*f(z) - r(z). Let j be x(6). List the prime factors of 3 - (j + -1 + 3).
2, 3
Suppose -3*v + v = 0. Suppose -z - 44 - 8 = v. Let x = -19 - z. What are the prime factors of x?
3, 11
Suppose -2*u + 90 = u. Suppose 8 = w + u. What are the prime factors of 33*(-3 - w/6)?
2, 11
Suppose -3 = -f + 5*n - 13, f = n - 2. Suppose f = -5*c, 0 = 2*y - 3*c + c - 614. What are the prime factors of y?
307
Let o(f) = 6 + f - 108*f**2 + 113*f**2 + 5. List the prime factors of o(6).
197
Let c = -12 + -8. Suppose 2*x + 5*r - 112 = 0, 0 = 4*x - 3*x + 5*r - 51. Let v = x + c. List the prime factors of v.
41
Let d = -96 + 162. List the prime factors of d.
2, 3, 11
Let i(s) = s**3 + 11*s**2 - 12*s - 17. Let h be i(-12). Let g = 32 + h. List the prime factors of g.
3, 5
Let z(k) be the first derivative of k**3/3 + 5*k**2 - 4*k + 9. Let m be z(-6). Let h = 11 - m. List the prime factors of h.
3, 13
Let w = -1779 + 1863. What are the prime factors of w?
2, 3, 7
Let b be (0 - 0)*12/24. Suppose 13*w - 1177 - 578 = b. What are the prime factors of w?
3, 5
Let w = 116 - 111. Suppose 12*i - 9*i = -3, w*i = -3*u + 283. What are the prime factors of u?
2, 3
Let m be ((0/(-4))/4)/(-3 - -4). Suppose 0 = 10*r - m*r - 750. List the prime factors of r.
3, 5
Suppose 8*h - 8 = 4*h. Suppose h*b + 7*z - 484 = 9*z, -245 = -b - 2*z. List the prime factors of b.
3
Let p be (12 + 0)/(42/196). Let r = p - 28. Suppose -r = -v + 12. List the prime factors of v.
2, 5
Let i = 73 + 297. Suppose -8*z + i = -3*z. List the prime factors of z.
2, 37
Let w(h) = -7*h + 11. Let p be w(-8). Let z = -45 + p. What are the prime factors of z?
2, 11
Suppose 42*h - 38*h = 12120. List the prime factors of h.
2, 3, 5, 101
Let i = 25 + -22. List the prime factors of i/18 + 1195/30.
2, 5
Let d = -4 + 2. Let w(g) = 3*g**3 + 2*g**2. Let s be w(d). What are the prime factors of 4*2/(s/(-68))?
2, 17
Suppose 5*o + 61 = -4*g, -o - 15 = g - 0*o. Let f be -1 - (-1 - (2 - g)). Suppose 4*d = 8*d - f. List the prime factors of d.
2
Suppose -4*f - 7*y = -6*y - 5998, -5*f = -2*y - 7491. List the prime factors of f.
1499
Let p(t) = 10*t + 2. Let w be p(-1). Let g be (-48)/64 - 6/w. Suppose g = -2*v - 3*l + 28, v = -3*l - 2 + 13. List the prime factors of v.
17
Suppose -10 = -p - 4*p. Let j be 1/((-1)/p) + 19. Suppose 3*z - 4*y - 139 = 0, -2*z + j = -2*y - 75. List the prime factors of z.
3, 5
Suppose 4*k = 5*s - 2854 - 13579, 2*k = 6. List the prime factors of s.
11, 13, 23
What are the prime factors of 2/22 - (-1817400)/825?
2203
Let p(f) be the third derivative of f**7/1680 - f**6/36 - f**5/12 - 4*f**2. Let g(k) be the third derivative of p(k). What are the prime factors of g(9)?
7
Let p(z) = 258*z - 478. List the prime factors of p(19).
2, 7, 79
Let n(p) = 73*p + 585. List the prime factors of n(15).
2, 3, 5, 7
Suppose -6*k = -10*k - 72. List the prime factors of k/(-63) - (-962)/14.
3, 23
What are the prime factors of 44/(1 - -10) - -2325?
17, 137
Let n = -5662 - -8252. What are the prime factors of n?
2, 5, 7, 37
Let m = -2907 + 7558. List the prime factors of m.
4651
Let q be 6/6 + 7*52. Suppose -4*v = -9*v + q. What are the prime factors of v?
73
Let w = 187 - 127. Suppose 5*h = -0*h - w. List the prime factors of (-188)/h + (-2)/(-6).
2
Suppose 5*g + 12 = 9*g. Suppose 2*b + 2*p - 94 = 0, 39 = -0*b + b + g*p. What are the prime factors of b?
3, 17
Suppose q + 6 = 3*q. Suppose -q*d = -3*n + 6*n - 21, 0 = -5*n + 20. Suppose -d*b = -79 + 16. What are the prime factors of b?
3, 7
Suppose 13927 = -20*c + 39*c. What are the prime factors of c?
733
Let x be (8/16)/((-1)/(-22)). Suppose -x*n - 135 = -16*n. Suppose a - n = -0*v + 5*v, 138 = 4*a - 5*v. List the prime factors of a.
37
Let r be (3 - -2) + (-6 - -5). Let s(l) = 16*l - 2. Let m(k) = -8*k + 1. Let i(b) = 7*m(b) + 4*s(b). List the prime factors of i(r).
31
Suppose -19*g - 1275 = -44*g. List the prime factors of g.
3, 17
Let y(u) = 2*u**2 + 10*u + 15. Let s(c) = -c**2 - 1. Let r(m) = 3*s(m) + y(m). Suppose 2 + 7 = v. What are the prime factors of r(v)?
3, 7
Let c(q) = -q**3 - 6*q**2 - 8*q - 4. Let b be c(-5). Suppose -2*z - b = -z. List the prime factors of ((-55)/z)/((-1)/(-6)).
2, 3, 5
Suppose -76*a - 1386 = -85*a. What are the prime factors of a?
2, 7, 11
Let r(v) = -v**3 - 11*v**2 - 20*v - 4. Let q be r(-10). Let w = q + -56. What are the prime factors of w?
2, 5
Let r(y) be the third derivative of -y**4/8 + y**3/6 - 2*y**2. Let b be r(-1). What are the prime factors of -10 + 25 + b/1?
19
Let v(n) = 30*n**2 - 10*n**2 + 2*n**2. Let a be v(1). Suppose -110 = a*l - 24*l. What are the prime factors of l?
5, 11
Let j be (-4 + 5)/((-82)/(-40) + -2). Let k = 93 - 303. What are the prime factors of k/j*(-4)/3?
2, 7
Let d(r) = -170*r - 76. What are the prime factors of d(-10)?
2, 7, 29
Let c = 62 + -59. Suppose c*d + 1225 = 8*d. What are the prime factors of d?
5, 7
Let s(a) = 2*a**3 + 5*a**2 - a + 2. Let c = -100 + 104. List the prime factors of s(c).
2, 103
Let m = -1766 - -4330. What are the prime factors of m?
2, 641
Let m(i) = -19*i - 77. List the prime factors of m(-5).
2, 3
Let s = 2106 - 1194. What are the prime factors of s?
2, 3, 19
Let g(a) = -a**3 + 8*a**2 - 5*a + 4. Let n be g(7). Suppose -4*m + 46 = -n. Let k = m + 7. What are the prime factors of k?
23
Let k = 15 + -11. Suppose 0*i + q = -k*i + 33, 2*q = 3*i - 22. List the prime factors of (4/(i/(-26)))/(-1).
13
Let k(u) = -u**3 + 6*u**2 - 2*u - 8. Let j be k(4). Let g = 29 - j. What are the prime factors of g?
13
Let v(q) be the second derivative of 31*q**4/3 - q. Let r be v(-1). List the prime factors of (-2)/(-4) + r/8.
2
Suppose -5*x + 4*x = 0. Let b be 3/(-1) + 3 + x. Suppose 5*r - 110 = -2*f, b = 2*f - 5*f + 5*r + 140. List the prime factors of f.
2, 5
Let h = -18 + 19. What are the prime factors of 4/(-6)*(h + 3 + -64)?
2, 5
Suppose 0 = 5*f + 3*p - 13, 2*p + 0*p = f. Suppose -7 = f*x - u - 31, 3*x - u = 35. List the prime factors of x.
11
List the prime factors of 171*1 + 13 + -7.
3, 59
Suppose 4*h - 603 = 1005. What are the prime factors of (-2*(-2)/6)/(4/h)?
67
Let v = 282 + -97. List the prime factors of v.
5, 37
Suppose 5*r + 1 + 141 = 2*z, 2*r + 76 = -4*z. Let j = r + 34. Suppose -j*b = 2*d - 26, 4*d - 2*b + b = 43. What are the prime factors of d?
11
Let m = -14 + 14. Suppose m = -u - 5*u + 12. Suppose 2*p + 39 = 2*r - 3*p, -5*r + u*p = -45. What are the prime factors of r?
7
Suppose 3855 = -10*c + 15*c. What are the prime factors of c?
3, 257
Suppose -5*g + 1257 = 3*b, -b + 2*g - g = -411. What are the prime factors of b?
2, 3, 23
List the prime factors of (-34)/(-357) - (-388194)/126.
3, 13, 79
Suppose -4*u + 0 = -20. Let i(r) = -12*r - 8*r**2 + 4 + u*r**2 + 3*r**3 - 2*r**3. List the prime factors of i(6).
2, 5